{"id":1048,"date":"2019-03-17T11:28:16","date_gmt":"2019-03-17T11:28:16","guid":{"rendered":"http:\/\/bosquesdecantabria.org\/wordpress\/?page_id=1048"},"modified":"2019-03-17T13:34:59","modified_gmt":"2019-03-17T13:34:59","slug":"especies-autoctonas","status":"publish","type":"page","link":"https:\/\/bosquesdecantabria.org\/wordpress\/especies-autoctonas\/","title":{"rendered":"DE D\u00d3NDE PROVIENEN NUESTROS \u00c1RBOLES"},"content":{"rendered":"\n<figure class=\"wp-block-image\"><img data-recalc-dims=\"1\" loading=\"lazy\" decoding=\"async\" width=\"980\" height=\"306\" src=\"https:\/\/i0.wp.com\/bosquesdecantabria.org\/wordpress\/wp-content\/uploads\/2019\/03\/001-VENTA-DE-ARBOLES-AUTOCTONOS-CANTABRIA-BOSQUES-DE-CANTABRIA.jpg?resize=980%2C306&#038;ssl=1\" alt=\"\" class=\"wp-image-1024\" srcset=\"https:\/\/i0.wp.com\/bosquesdecantabria.org\/wordpress\/wp-content\/uploads\/2019\/03\/001-VENTA-DE-ARBOLES-AUTOCTONOS-CANTABRIA-BOSQUES-DE-CANTABRIA.jpg?w=1024&amp;ssl=1 1024w, https:\/\/i0.wp.com\/bosquesdecantabria.org\/wordpress\/wp-content\/uploads\/2019\/03\/001-VENTA-DE-ARBOLES-AUTOCTONOS-CANTABRIA-BOSQUES-DE-CANTABRIA.jpg?resize=300%2C94&amp;ssl=1 300w, https:\/\/i0.wp.com\/bosquesdecantabria.org\/wordpress\/wp-content\/uploads\/2019\/03\/001-VENTA-DE-ARBOLES-AUTOCTONOS-CANTABRIA-BOSQUES-DE-CANTABRIA.jpg?resize=768%2C240&amp;ssl=1 768w, https:\/\/i0.wp.com\/bosquesdecantabria.org\/wordpress\/wp-content\/uploads\/2019\/03\/001-VENTA-DE-ARBOLES-AUTOCTONOS-CANTABRIA-BOSQUES-DE-CANTABRIA.jpg?resize=980%2C306&amp;ssl=1 980w, https:\/\/i0.wp.com\/bosquesdecantabria.org\/wordpress\/wp-content\/uploads\/2019\/03\/001-VENTA-DE-ARBOLES-AUTOCTONOS-CANTABRIA-BOSQUES-DE-CANTABRIA.jpg?resize=550%2C172&amp;ssl=1 550w\" sizes=\"auto, (max-width: 980px) 100vw, 980px\" \/><\/figure>\n\n\n\n<p>En Bosques de Cantabria llevamos\n22 a\u00f1os cultivando \u00e1rboles, principalmente aut\u00f3ctonos, a partir de semillas que\nrecogemos en la naturaleza. Durante todo este tiempo hemos producido miles de\nejemplares de robles, fresnos, casta\u00f1os, avellanos, acebos, arces, sauces,\nalisos, nogales, tejos, laureles, madro\u00f1os, encinas, pinos\u2026 y un largo etc\u00e9tera\nde especies forestales, que hemos ido plantando en el monte, muchas veces con\nla inestimable ayuda de \u201cej\u00e9rcitos\u201d de voluntarios, para ir recuperando nuestros\nbosques naturales.<\/p>\n\n\n\n<p>Gracias a esta larga experiencia\ncomo viveristas hemos aprendido, no s\u00f3lo a producir plantones para\nreforestaciones, sino tambi\u00e9n a cultivar \u00e1rboles de mayor tama\u00f1o que, en\nocasiones, hemos plantado en entornos urbanos como calles y parques.<\/p>\n\n\n\n<p>Fruto del trabajo de tantos a\u00f1os,\nen la actualidad, contamos en nuestro vivero con un contingente de m\u00e1s de 40\nespecies de \u00e1rboles y arbustos aut\u00f3ctonos (y algunos otros ornamentales) de\ndiferentes tama\u00f1os y siempre cultivados en contenedor, ideales para dar un\ntoque de naturalidad a cualquier jard\u00edn que quiera incorporar especies de la\nflora aut\u00f3ctona. <\/p>\n\n\n\n<figure class=\"wp-block-image\"><img data-recalc-dims=\"1\" loading=\"lazy\" decoding=\"async\" width=\"980\" height=\"72\" src=\"https:\/\/i0.wp.com\/bosquesdecantabria.org\/wordpress\/wp-content\/uploads\/2014\/11\/barra-espaciadora-bosques-de-cantabria.png?resize=980%2C72&#038;ssl=1\" alt=\"\" class=\"wp-image-461\" srcset=\"https:\/\/i0.wp.com\/bosquesdecantabria.org\/wordpress\/wp-content\/uploads\/2014\/11\/barra-espaciadora-bosques-de-cantabria.png?w=1024&amp;ssl=1 1024w, https:\/\/i0.wp.com\/bosquesdecantabria.org\/wordpress\/wp-content\/uploads\/2014\/11\/barra-espaciadora-bosques-de-cantabria.png?resize=300%2C21&amp;ssl=1 300w, https:\/\/i0.wp.com\/bosquesdecantabria.org\/wordpress\/wp-content\/uploads\/2014\/11\/barra-espaciadora-bosques-de-cantabria.png?resize=980%2C71&amp;ssl=1 980w, https:\/\/i0.wp.com\/bosquesdecantabria.org\/wordpress\/wp-content\/uploads\/2014\/11\/barra-espaciadora-bosques-de-cantabria.png?resize=550%2C40&amp;ssl=1 550w\" sizes=\"auto, (max-width: 980px) 100vw, 980px\" \/><\/figure>\n\n\n\n<p><strong><a href=\"https:\/\/bosquesdecantabria.org\/wordpress\/por-que-especies-autoctonas\/\">POR QU\u00c9 ESPECIES AUT\u00d3CTONAS<\/a><\/strong><\/p>\n\n\n\n<p><strong><a href=\"https:\/\/bosquesdecantabria.org\/wordpress\/como-elegir-especie-autoctona\/\">C\u00d3MO ELEGIR LA ESPECIE ADECUADA<\/a><\/strong><\/p>\n\n\n\n<p><strong><a href=\"https:\/\/bosquesdecantabria.org\/wordpress\/comprar-arboles-en-cantabria\/\">5 MOTIVOS POR LOS QUE ELEGIR NUESTROS \u00c1RBOLES<\/a><\/strong><\/p>\n\n\n\n<p><strong><a href=\"https:\/\/bosquesdecantabria.org\/wordpress\/comprar-arboles-cantabria\/\">C\u00d3MO CONSEGUIR \u00c1RBOLES DE BOSQUES DE CANTABRIA<\/a><\/strong><\/p>\n","protected":false},"excerpt":{"rendered":"<p>En Bosques de Cantabria llevamos 22 a\u00f1os cultivando \u00e1rboles, principalmente aut\u00f3ctonos, a partir de semillas que recogemos en la naturaleza. Durante todo este tiempo hemos producido miles de ejemplares de robles, fresnos, casta\u00f1os, avellanos, acebos, arces, sauces, alisos, nogales, tejos,&#8230;<\/p>\n","protected":false},"author":1,"featured_media":0,"parent":0,"menu_order":0,"comment_status":"closed","ping_status":"closed","template":"template-fullwidth.php","meta":{"advanced_seo_description":"","jetpack_seo_html_title":"","jetpack_seo_noindex":false,"jetpack_post_was_ever_published":false,"footnotes":""},"class_list":["post-1048","page","type-page","status-publish","hentry"],"jetpack-related-posts":[],"jetpack_likes_enabled":true,"jetpack_sharing_enabled":true,"_links":{"self":[{"href":"https:\/\/bosquesdecantabria.org\/wordpress\/wp-json\/wp\/v2\/pages\/1048","targetHints":{"allow":["GET"]}}],"collection":[{"href":"https:\/\/bosquesdecantabria.org\/wordpress\/wp-json\/wp\/v2\/pages"}],"about":[{"href":"https:\/\/bosquesdecantabria.org\/wordpress\/wp-json\/wp\/v2\/types\/page"}],"author":[{"embeddable":true,"href":"https:\/\/bosquesdecantabria.org\/wordpress\/wp-json\/wp\/v2\/users\/1"}],"replies":[{"embeddable":true,"href":"https:\/\/bosquesdecantabria.org\/wordpress\/wp-json\/wp\/v2\/comments?post=1048"}],"version-history":[{"count":4,"href":"https:\/\/bosquesdecantabria.org\/wordpress\/wp-json\/wp\/v2\/pages\/1048\/revisions"}],"predecessor-version":[{"id":1115,"href":"https:\/\/bosquesdecantabria.org\/wordpress\/wp-json\/wp\/v2\/pages\/1048\/revisions\/1115"}],"wp:attachment":[{"href":"https:\/\/bosquesdecantabria.org\/wordpress\/wp-json\/wp\/v2\/media?parent=1048"}],"curies":[{"name":"wp","href":"https:\/\/api.w.org\/{rel}","templated":true}]}}