{"id":244,"date":"2013-04-09T20:38:19","date_gmt":"2013-04-09T20:38:19","guid":{"rendered":"http:\/\/bosquesdecantabria.org\/wordpress\/?page_id=244"},"modified":"2023-07-24T13:07:06","modified_gmt":"2023-07-24T11:07:06","slug":"quienessomos2","status":"publish","type":"page","link":"https:\/\/bosquesdecantabria.org\/wordpress\/quienessomos2\/","title":{"rendered":"QUI\u00c9NES SOMOS"},"content":{"rendered":"<h3 style=\"text-align: justify;\"><iframe loading=\"lazy\"  style=\"display: block; margin: 0px auto;\"  id=\"_ytid_42544\"  width=\"980\" height=\"563\"  data-origwidth=\"980\" data-origheight=\"563\" src=\"https:\/\/www.youtube.com\/embed\/6IOmwuLBZgk?enablejsapi=1&autoplay=0&cc_load_policy=0&cc_lang_pref=&iv_load_policy=3&loop=0&rel=0&fs=1&playsinline=0&autohide=2&theme=dark&color=red&controls=1&disablekb=0&\" class=\"__youtube_prefs__  no-lazyload\" title=\"YouTube player\"  allow=\"fullscreen; accelerometer; autoplay; clipboard-write; encrypted-media; gyroscope; picture-in-picture; web-share\" referrerpolicy=\"strict-origin-when-cross-origin\" allowfullscreen data-no-lazy=\"1\" data-skipgform_ajax_framebjll=\"\"><\/iframe><\/h3>\n<h3 style=\"text-align: justify;\"><span style=\"font-family: verdana, geneva;\"><strong>\u00a0\u00a0La Asociaci\u00f3n Cultural Bosques de Cantabria, es una Organizaci\u00f3n no Gubernamental, sin \u00e1nimo de lucro, inscrita con fecha 29\/10\/96 en la Secci\u00f3n Primera del Registro Provincial de Asociaciones Culturales de la Diputaci\u00f3n Regional de Cantabria con el n\u00famero 2.224. Desde entonces, y de acuerdo con nuestros estatutos, trabajamos divulgando la riqueza, la importancia y la problem\u00e1tica de nuestros bosques.<\/strong><\/span><\/h3>\n<h3 style=\"text-align: justify;\"><span style=\"font-family: verdana, geneva;\"><strong>\u00a0 Esta Asociaci\u00f3n surgi\u00f3 con la intenci\u00f3n de difundir entre la poblaci\u00f3n c\u00e1ntabra la importancia de los valores naturales y culturales que albergan sus variados tipos de bosques, as\u00ed como de destacar la necesidad de conservaci\u00f3n y recuperaci\u00f3n de las masas forestales aut\u00f3ctonas para el fomento de su biodiversidad.<\/strong><\/span><\/h3>\n<h3 style=\"text-align: justify;\"><span style=\"font-family: verdana, geneva;\"><strong>\u00a0 \u00a0Nuestros principales objetivos son:\u00a0Difundir la diversidad, riqueza e importancia de los bosques c\u00e1ntabros, concienciar a la poblaci\u00f3n sobre la necesidad de mejorar y conservar nuestros bosques y reforestar amplias zonas de la geograf\u00eda cant\u00e1brica con las especies forestales adecuadas,\u00a0invitando a todos los ciudadanos a participar de manera \u00a0organizada en las actividades.<\/strong><\/span><\/h3>\n<hr \/>\n<h2 style=\"text-align: right;\"><strong><span style=\"color: #000000; background-color: #ffffff;\"><span style=\"color: #000000; background-color: #ffffff;\">\u00a0<a title=\"Objetivos espec\u00edficos de Bosques de Cantabria\" href=\"https:\/\/bosquesdecantabria.org\/wordpress\/objetivosespecificos\/\">Objetivos espec\u00edficos<\/a><\/span><\/span><\/strong><\/h2>\n<h2 style=\"text-align: right;\"><strong><span style=\"color: #000000; background-color: #ffffff;\"><span style=\"color: #000000; background-color: #ffffff;\">\u00a0<a title=\"Principales l\u00edneas de actuaci\u00f3n de la asociaci\u00f3n\" href=\"https:\/\/bosquesdecantabria.org\/wordpress\/lineasdeactuacion\">L\u00edneas de Actuaci\u00f3n<\/a><\/span><\/span><\/strong><\/h2>\n<h2 style=\"text-align: right;\"><a href=\"https:\/\/bosquesdecantabria.org\/wordpress\/wp-content\/uploads\/2015\/10\/Bosques-de-Cantabria-CURRICULUM-DE-LA-ASOCIACION.pdf\" target=\"_blank\" rel=\"noopener noreferrer\"><strong><span style=\"color: #000000; background-color: #ffffff;\"><span style=\"color: #000000; background-color: #ffffff;\">\u00a0Curriculum de la Asociaci\u00f3n<\/span><\/span><\/strong><\/a><\/h2>\n<hr \/>\n<h2 style=\"text-align: right;\"><a href=\"https:\/\/bosquesdecantabria.org\/wordpress\/quienessomos2\/en-quienes-somos-abajo-red\/\" rel=\"attachment wp-att-1361\"><img data-recalc-dims=\"1\" loading=\"lazy\" decoding=\"async\" class=\"aligncenter size-full wp-image-1361\" src=\"https:\/\/i0.wp.com\/bosquesdecantabria.org\/wordpress\/wp-content\/uploads\/2023\/07\/En-Quienes-somos-abajo-red.jpg?resize=980%2C551&#038;ssl=1\" alt=\"\" width=\"980\" height=\"551\" srcset=\"https:\/\/i0.wp.com\/bosquesdecantabria.org\/wordpress\/wp-content\/uploads\/2023\/07\/En-Quienes-somos-abajo-red.jpg?w=1010&amp;ssl=1 1010w, https:\/\/i0.wp.com\/bosquesdecantabria.org\/wordpress\/wp-content\/uploads\/2023\/07\/En-Quienes-somos-abajo-red.jpg?resize=300%2C169&amp;ssl=1 300w, https:\/\/i0.wp.com\/bosquesdecantabria.org\/wordpress\/wp-content\/uploads\/2023\/07\/En-Quienes-somos-abajo-red.jpg?resize=768%2C432&amp;ssl=1 768w, https:\/\/i0.wp.com\/bosquesdecantabria.org\/wordpress\/wp-content\/uploads\/2023\/07\/En-Quienes-somos-abajo-red.jpg?resize=980%2C551&amp;ssl=1 980w, https:\/\/i0.wp.com\/bosquesdecantabria.org\/wordpress\/wp-content\/uploads\/2023\/07\/En-Quienes-somos-abajo-red.jpg?resize=550%2C309&amp;ssl=1 550w\" sizes=\"auto, (max-width: 980px) 100vw, 980px\" \/><\/a><\/h2>\n<p>&nbsp;<\/p>\n<p>&nbsp;<\/p>\n<p>&nbsp;<\/p>\n","protected":false},"excerpt":{"rendered":"<p>\u00a0\u00a0La Asociaci\u00f3n Cultural Bosques de Cantabria, es una Organizaci\u00f3n no Gubernamental, sin \u00e1nimo de lucro, inscrita con fecha 29\/10\/96 en la Secci\u00f3n Primera del Registro Provincial de Asociaciones Culturales de la Diputaci\u00f3n Regional de Cantabria con el n\u00famero 2.224. Desde&#8230;<\/p>\n","protected":false},"author":1,"featured_media":0,"parent":0,"menu_order":0,"comment_status":"closed","ping_status":"closed","template":"template-fullwidth.php","meta":{"advanced_seo_description":"","jetpack_seo_html_title":"","jetpack_seo_noindex":false,"jetpack_post_was_ever_published":false,"footnotes":""},"class_list":["post-244","page","type-page","status-publish","hentry"],"jetpack-related-posts":[],"jetpack_likes_enabled":true,"jetpack_sharing_enabled":true,"_links":{"self":[{"href":"https:\/\/bosquesdecantabria.org\/wordpress\/wp-json\/wp\/v2\/pages\/244","targetHints":{"allow":["GET"]}}],"collection":[{"href":"https:\/\/bosquesdecantabria.org\/wordpress\/wp-json\/wp\/v2\/pages"}],"about":[{"href":"https:\/\/bosquesdecantabria.org\/wordpress\/wp-json\/wp\/v2\/types\/page"}],"author":[{"embeddable":true,"href":"https:\/\/bosquesdecantabria.org\/wordpress\/wp-json\/wp\/v2\/users\/1"}],"replies":[{"embeddable":true,"href":"https:\/\/bosquesdecantabria.org\/wordpress\/wp-json\/wp\/v2\/comments?post=244"}],"version-history":[{"count":46,"href":"https:\/\/bosquesdecantabria.org\/wordpress\/wp-json\/wp\/v2\/pages\/244\/revisions"}],"predecessor-version":[{"id":1375,"href":"https:\/\/bosquesdecantabria.org\/wordpress\/wp-json\/wp\/v2\/pages\/244\/revisions\/1375"}],"wp:attachment":[{"href":"https:\/\/bosquesdecantabria.org\/wordpress\/wp-json\/wp\/v2\/media?parent=244"}],"curies":[{"name":"wp","href":"https:\/\/api.w.org\/{rel}","templated":true}]}}

QUIÉNES SOMOS

<h3 style="text-align: justify;"><iframe loading="lazy"  style="display: block; margin: 0px auto;"  id="_ytid_42544"  width="980" height="563"  data-origwidth="980" data-origheight="563" src="https://www.youtube.com/embed/6IOmwuLBZgk?enablejsapi=1&autoplay=0&cc_load_policy=0&cc_lang_pref=&iv_load_policy=3&loop=0&rel=0&fs=1&playsinline=0&autohide=2&theme=dark&color=red&controls=1&disablekb=0&" class="__youtube_prefs__  no-lazyload" title="YouTube player"  allow="fullscreen; accelerometer; autoplay; clipboard-write; encrypted-media; gyroscope; picture-in-picture; web-share" referrerpolicy="strict-origin-when-cross-origin" allowfullscreen data-no-lazy="1" data-skipgform_ajax_framebjll=""></iframe></h3>
<h3 style="text-align: justify;"><span style="font-family: verdana, geneva;"><strong>  La Asociación Cultural Bosques de Cantabria, es una Organización no Gubernamental, sin ánimo de lucro, inscrita con fecha 29/10/96 en la Sección Primera del Registro Provincial de Asociaciones Culturales de la Diputación Regional de Cantabria con el número 2.224. Desde entonces, y de acuerdo con nuestros estatutos, trabajamos divulgando la riqueza, la importancia y la problemática de nuestros bosques.</strong></span></h3>
<h3 style="text-align: justify;"><span style="font-family: verdana, geneva;"><strong>  Esta Asociación surgió con la intención de difundir entre la población cántabra la importancia de los valores naturales y culturales que albergan sus variados tipos de bosques, así como de destacar la necesidad de conservación y recuperación de las masas forestales autóctonas para el fomento de su biodiversidad.</strong></span></h3>
<h3 style="text-align: justify;"><span style="font-family: verdana, geneva;"><strong>   Nuestros principales objetivos son: Difundir la diversidad, riqueza e importancia de los bosques cántabros, concienciar a la población sobre la necesidad de mejorar y conservar nuestros bosques y reforestar amplias zonas de la geografía cantábrica con las especies forestales adecuadas, invitando a todos los ciudadanos a participar de manera  organizada en las actividades.</strong></span></h3>
<hr />
<h2 style="text-align: right;"><strong><span style="color: #000000; background-color: #ffffff;"><span style="color: #000000; background-color: #ffffff;"> <a title="Objetivos específicos de Bosques de Cantabria" href="https://bosquesdecantabria.org/wordpress/objetivosespecificos/">Objetivos específicos</a></span></span></strong></h2>
<h2 style="text-align: right;"><strong><span style="color: #000000; background-color: #ffffff;"><span style="color: #000000; background-color: #ffffff;"> <a title="Principales líneas de actuación de la asociación" href="https://bosquesdecantabria.org/wordpress/lineasdeactuacion">Líneas de Actuación</a></span></span></strong></h2>
<h2 style="text-align: right;"><a href="https://bosquesdecantabria.org/wordpress/wp-content/uploads/2015/10/Bosques-de-Cantabria-CURRICULUM-DE-LA-ASOCIACION.pdf" target="_blank" rel="noopener noreferrer"><strong><span style="color: #000000; background-color: #ffffff;"><span style="color: #000000; background-color: #ffffff;"> Curriculum de la Asociación</span></span></strong></a></h2>
<hr />
<h2 style="text-align: right;"><a href="https://bosquesdecantabria.org/wordpress/quienessomos2/en-quienes-somos-abajo-red/" rel="attachment wp-att-1361"><img data-recalc-dims="1" loading="lazy" decoding="async" class="aligncenter size-full wp-image-1361" src="https://i0.wp.com/bosquesdecantabria.org/wordpress/wp-content/uploads/2023/07/En-Quienes-somos-abajo-red.jpg?resize=980%2C551&#038;ssl=1" alt="" width="980" height="551" srcset="https://i0.wp.com/bosquesdecantabria.org/wordpress/wp-content/uploads/2023/07/En-Quienes-somos-abajo-red.jpg?w=1010&amp;ssl=1 1010w, https://i0.wp.com/bosquesdecantabria.org/wordpress/wp-content/uploads/2023/07/En-Quienes-somos-abajo-red.jpg?resize=300%2C169&amp;ssl=1 300w, https://i0.wp.com/bosquesdecantabria.org/wordpress/wp-content/uploads/2023/07/En-Quienes-somos-abajo-red.jpg?resize=768%2C432&amp;ssl=1 768w, https://i0.wp.com/bosquesdecantabria.org/wordpress/wp-content/uploads/2023/07/En-Quienes-somos-abajo-red.jpg?resize=980%2C551&amp;ssl=1 980w, https://i0.wp.com/bosquesdecantabria.org/wordpress/wp-content/uploads/2023/07/En-Quienes-somos-abajo-red.jpg?resize=550%2C309&amp;ssl=1 550w" sizes="auto, (max-width: 980px) 100vw, 980px" /></a></h2>
<p>&nbsp;</p>
<p>&nbsp;</p>
<p>&nbsp;</p>

<p>  La Asociación Cultural Bosques de Cantabria, es una Organización no Gubernamental, sin ánimo de lucro, inscrita con fecha 29/10/96 en la Sección Primera del Registro Provincial de Asociaciones Culturales de la Diputación Regional de Cantabria con el número 2.224. Desde&#8230;</p>
