{"id":395,"date":"2014-11-04T16:58:27","date_gmt":"2014-11-04T16:58:27","guid":{"rendered":"http:\/\/bosquesdecantabria.org\/wordpress\/?page_id=395"},"modified":"2015-11-10T18:30:20","modified_gmt":"2015-11-10T18:30:20","slug":"voluntariado","status":"publish","type":"page","link":"https:\/\/bosquesdecantabria.org\/wordpress\/voluntariado\/","title":{"rendered":"Voluntariado"},"content":{"rendered":"<h1 style=\"text-align: center;\"><em>\u00abDefender el Medio Ambiente es nuestro derecho, protegerlo es nuestro deber\u00bb<\/em><\/h1>\n<h3 style=\"text-align: justify;\"><b><i>\u00a0 \u00a0El voluntario siempre ha sido y ser\u00e1 el mejor vector de cambio para la sociedad. Creemos que detr\u00e1s de cada\u00a0acci\u00f3n ciudadana altruista, encaminada a la conservaci\u00f3n del entorno, se esconde toda un red de acontecimientos que cada voluntario provocar\u00e1 de forma individual, cuyas consecuencias a largo plazo lograr\u00e1n una mejora de la sostenibilidad de nuestros trabajos por cuidar del medio ambiente. \u00a0Los voluntarios son miembros activos de nuestra sociedad cuyo trabajo, no s\u00f3lo revierte en un beneficio directo para el medio ambiente sino que tambi\u00e9n se erige como el mejor ejemplo para despertar conciencias y provocar cambios de actitud en sus familias, amigos y c\u00edrculos cercanos.<\/i><\/b><\/h3>\n<h3 style=\"text-align: justify;\"><b><i>\u00a0 \u00a0Por esta raz\u00f3n, trabamos con la premisa de que cualquier persona pueda acompa\u00f1arnos. Sin importar su edad, forma f\u00edsica o capacidad, ya venga en solitario o con amigos, debe de disponer de toda nuestra ayuda para poder acercarse y participar en el desarrollo de la actividad. Cada d\u00eda que se lleva a cabo una acci\u00f3n de voluntariado, la jornada da comienzo con una breve formaci\u00f3n sobre el ecosistema sobre el que vamos a actuar y se reparte el material necesario para llevar a cabo los trabajos. No importa que seas un veterano guardabosques o que tu compromiso s\u00f3lo pueda ser puntual, siempre habr\u00e1 un espacio esper\u00e1ndote en Bosques de Cantabria<\/i><\/b><img data-recalc-dims=\"1\" loading=\"lazy\" decoding=\"async\" class=\"aligncenter size-full wp-image-461\" alt=\"barra espaciadora bosques de cantabria\" src=\"https:\/\/i0.wp.com\/bosquesdecantabria.org\/wordpress\/wp-content\/uploads\/2014\/11\/barra-espaciadora-bosques-de-cantabria.png?resize=980%2C72&#038;ssl=1\" width=\"980\" height=\"72\" srcset=\"https:\/\/i0.wp.com\/bosquesdecantabria.org\/wordpress\/wp-content\/uploads\/2014\/11\/barra-espaciadora-bosques-de-cantabria.png?w=1024&amp;ssl=1 1024w, https:\/\/i0.wp.com\/bosquesdecantabria.org\/wordpress\/wp-content\/uploads\/2014\/11\/barra-espaciadora-bosques-de-cantabria.png?resize=300%2C21&amp;ssl=1 300w, https:\/\/i0.wp.com\/bosquesdecantabria.org\/wordpress\/wp-content\/uploads\/2014\/11\/barra-espaciadora-bosques-de-cantabria.png?resize=980%2C71&amp;ssl=1 980w, https:\/\/i0.wp.com\/bosquesdecantabria.org\/wordpress\/wp-content\/uploads\/2014\/11\/barra-espaciadora-bosques-de-cantabria.png?resize=550%2C40&amp;ssl=1 550w\" sizes=\"auto, (max-width: 980px) 100vw, 980px\" \/><\/h3>\n<h4 style=\"text-align: justify;\">\u00a0<strong> \u00a0Nuestras acciones de voluntariado se dirigen a la interpretaci\u00f3n de los ecosistemas en que trabajamos, la plantaci\u00f3n de especies forestales aut\u00f3ctonas, el fomento de los medios de transporte sostenibles, la eliminaci\u00f3n de especies invasoras da\u00f1inas, la retirada de vertidos incontrolados en espacios naturales, la participaci\u00f3n de personas con discapacidad y la construcci\u00f3n e instalaci\u00f3n de elementos que favorezcan la presencia de fauna aut\u00f3ctona.<\/strong><\/h4>\n<h4 style=\"text-align: justify;\"><a href=\"https:\/\/bosquesdecantabria.org\/wordpress\/contact-4\/\"><img data-recalc-dims=\"1\" loading=\"lazy\" decoding=\"async\" class=\"aligncenter\" alt=\"\" src=\"https:\/\/i0.wp.com\/bosquesdecantabria.org\/wordpress\/wp-content\/uploads\/2014\/11\/voluntariado-intro.jpg?resize=980%2C322&#038;ssl=1\" width=\"980\" height=\"322\" \/><\/a><strong>\u00a0 \u00a0Bosques de Cantabria lleva m\u00e1s veinte a\u00f1os realizando trabajo con voluntarios ambientales. Nuestras campa\u00f1as de reforestaci\u00f3n voluntaria fueron pioneras en Cantabria y gracias al apoyo de ciudadanos, colectivos y Entidades Locales (ayuntamientos y juntas vecinales) hemos podido mantener esta actividad durante tanto tiempo. La inclusi\u00f3n de Bosques de Cantabria en el Programa PROVOCA ha supuesto un importante espaldarazo a esta l\u00ednea de trabajo de nuestra Asociaci\u00f3n, haciendo que, en los \u00faltimos a\u00f1os, el n\u00famero de actuaciones que realizamos y de voluntarios que participan en ellas, se haya incrementado notablemente<\/strong>.<\/h4>\n<p>&nbsp;<\/p>\n<iframe loading=\"lazy\"  style=\"display: block; margin: 0px auto;\"  id=\"_ytid_22136\"  width=\"980\" height=\"563\"  data-origwidth=\"980\" data-origheight=\"563\" src=\"https:\/\/www.youtube.com\/embed\/Xk1K1hJshYM?enablejsapi=1&autoplay=0&cc_load_policy=0&cc_lang_pref=&iv_load_policy=3&loop=0&rel=0&fs=1&playsinline=0&autohide=2&theme=dark&color=red&controls=1&disablekb=0&\" class=\"__youtube_prefs__  no-lazyload\" title=\"YouTube player\"  allow=\"fullscreen; accelerometer; autoplay; clipboard-write; encrypted-media; gyroscope; picture-in-picture; web-share\" referrerpolicy=\"strict-origin-when-cross-origin\" allowfullscreen data-no-lazy=\"1\" data-skipgform_ajax_framebjll=\"\"><\/iframe>\n<p style=\"text-align: center;\"><em><strong>Organizaci\u00f3n de una actividad de voluntariado PROVOCA con m\u00e1s de un centenar de voluntarios<\/strong><\/em><\/p>\n<h4 style=\"text-align: justify;\"><strong>\u00a0 \u00a0 Actualmente la Asociaci\u00f3n dispone de la inercia y el bagaje de muchos a\u00f1os trabajando en esta l\u00ednea y sus monitores, ya especializados, disponen del material y de la formaci\u00f3n acad\u00e9mica necesaria para poder trabajar con voluntarios de cualquier rango de edad. Estamos siempre abiertos a la colaboraci\u00f3n en proyectos ambientales de esta \u00edndole, tales como la organizaci\u00f3n de campos de trabajo que impliquen la participaci\u00f3n de cientos de voluntarios o la gesti\u00f3n de peque\u00f1os grupos de trabajo.<\/strong><\/h4>\n<iframe loading=\"lazy\"  style=\"display: block; margin: 0px auto;\"  id=\"_ytid_80593\"  width=\"980\" height=\"563\"  data-origwidth=\"980\" data-origheight=\"563\" src=\"https:\/\/www.youtube.com\/embed\/pjlGzUk6QDA?enablejsapi=1&autoplay=0&cc_load_policy=0&cc_lang_pref=&iv_load_policy=3&loop=0&rel=0&fs=1&playsinline=0&autohide=2&theme=dark&color=red&controls=1&disablekb=0&\" class=\"__youtube_prefs__  no-lazyload\" title=\"YouTube player\"  allow=\"fullscreen; accelerometer; autoplay; clipboard-write; encrypted-media; gyroscope; picture-in-picture; web-share\" referrerpolicy=\"strict-origin-when-cross-origin\" allowfullscreen data-no-lazy=\"1\" data-skipgform_ajax_framebjll=\"\"><\/iframe>\n<p style=\"text-align: center;\"><em><strong>Organizaci\u00f3n de un peque\u00f1o Campo de trabajo voluntario de verano, con el grupo Scout \u00abEscolta Garb\u00ed\u00bb de Lleida<\/strong><\/em><\/p>\n<h4 style=\"text-align: justify;\"><\/h4>\n<h4 style=\"text-align: justify;\">\u00a0<strong> \u00a0El Programa PROVOCA de Voluntariado y Educaci\u00f3n ambiental, gestionado desde el Centro de Investigaci\u00f3n del Medio Ambiente del Gobierno de Cantabria, naci\u00f3 en el a\u00f1o 2012 y ofrece al ciudadano un calendario com\u00fan donde las organizaciones naturalistas ofertamos nuestras actividades abiertas a la participaci\u00f3n. El PROVOCA ha apostado fuerte por las actividades de Bosques de Cantabria que, desde el a\u00f1o 2013, se ha volcado al m\u00e1ximo en aprovechar esta fant\u00e1stica oportunidad de acercar el cuidado del medio ambiente a nuestros vecinos.<\/strong><\/h4>\n<h4><strong>\u00a0 \u00a0Si tienes alguna duda sobre en qu\u00e9 cosiste ser un voluntario ambiental, si quieres saber d\u00f3nde se llevar\u00e1 a cabo la actividad m\u00e1s pr\u00f3xima a tu domicilio, si no tienes medio de transporte pero te est\u00e1s planteando participar, o si simplemente tienes claro que tu familia o tu quer\u00e9is ser unos voluntarios Guardabosques, solo tienes que pinchar en la imagen de abajo y ponerte en contacto con nosotros.<\/strong><\/h4>\n<h2 style=\"text-align: center;\"><strong><span style=\"color: #000000;\"><a href=\"https:\/\/bosquesdecantabria.org\/wordpress\/contact-4\/\"><span style=\"color: #000000;\">\u00a1Te esperamos!<\/span><\/a><\/span><\/strong><\/h2>\n<h4 style=\"text-align: justify;\"><a href=\"https:\/\/bosquesdecantabria.org\/wordpress\/contact-4\/\"><img data-recalc-dims=\"1\" loading=\"lazy\" decoding=\"async\" class=\"aligncenter\" alt=\"\" src=\"https:\/\/i0.wp.com\/bosquesdecantabria.org\/wordpress\/wp-content\/uploads\/2014\/11\/VIVERISMO-intermedio.jpg?resize=980%2C310&#038;ssl=1\" width=\"980\" height=\"310\" \/><\/a><\/h4>\n<hr \/>\n<h4 style=\"text-align: justify;\"><\/h4>\n<h4 style=\"text-align: justify;\"><\/h4>\n","protected":false},"excerpt":{"rendered":"<p>\u00abDefender el Medio Ambiente es nuestro derecho, protegerlo es nuestro deber\u00bb \u00a0 \u00a0El voluntario siempre ha sido y ser\u00e1 el mejor vector de cambio para la sociedad. Creemos que detr\u00e1s de cada\u00a0acci\u00f3n ciudadana altruista, encaminada a la conservaci\u00f3n del entorno,&#8230;<\/p>\n","protected":false},"author":1,"featured_media":0,"parent":0,"menu_order":0,"comment_status":"closed","ping_status":"closed","template":"template-fullwidth.php","meta":{"advanced_seo_description":"","jetpack_seo_html_title":"","jetpack_seo_noindex":false,"jetpack_post_was_ever_published":false,"footnotes":""},"class_list":["post-395","page","type-page","status-publish","hentry"],"jetpack-related-posts":[],"jetpack_likes_enabled":true,"jetpack_sharing_enabled":true,"_links":{"self":[{"href":"https:\/\/bosquesdecantabria.org\/wordpress\/wp-json\/wp\/v2\/pages\/395","targetHints":{"allow":["GET"]}}],"collection":[{"href":"https:\/\/bosquesdecantabria.org\/wordpress\/wp-json\/wp\/v2\/pages"}],"about":[{"href":"https:\/\/bosquesdecantabria.org\/wordpress\/wp-json\/wp\/v2\/types\/page"}],"author":[{"embeddable":true,"href":"https:\/\/bosquesdecantabria.org\/wordpress\/wp-json\/wp\/v2\/users\/1"}],"replies":[{"embeddable":true,"href":"https:\/\/bosquesdecantabria.org\/wordpress\/wp-json\/wp\/v2\/comments?post=395"}],"version-history":[{"count":61,"href":"https:\/\/bosquesdecantabria.org\/wordpress\/wp-json\/wp\/v2\/pages\/395\/revisions"}],"predecessor-version":[{"id":426,"href":"https:\/\/bosquesdecantabria.org\/wordpress\/wp-json\/wp\/v2\/pages\/395\/revisions\/426"}],"wp:attachment":[{"href":"https:\/\/bosquesdecantabria.org\/wordpress\/wp-json\/wp\/v2\/media?parent=395"}],"curies":[{"name":"wp","href":"https:\/\/api.w.org\/{rel}","templated":true}]}}

<h1 style="text-align: center;"><em>«Defender el Medio Ambiente es nuestro derecho, protegerlo es nuestro deber»</em></h1>
<h3 style="text-align: justify;"><b><i>   El voluntario siempre ha sido y será el mejor vector de cambio para la sociedad. Creemos que detrás de cada acción ciudadana altruista, encaminada a la conservación del entorno, se esconde toda un red de acontecimientos que cada voluntario provocará de forma individual, cuyas consecuencias a largo plazo lograrán una mejora de la sostenibilidad de nuestros trabajos por cuidar del medio ambiente.  Los voluntarios son miembros activos de nuestra sociedad cuyo trabajo, no sólo revierte en un beneficio directo para el medio ambiente sino que también se erige como el mejor ejemplo para despertar conciencias y provocar cambios de actitud en sus familias, amigos y círculos cercanos.</i></b></h3>
<h3 style="text-align: justify;"><b><i>   Por esta razón, trabamos con la premisa de que cualquier persona pueda acompañarnos. Sin importar su edad, forma física o capacidad, ya venga en solitario o con amigos, debe de disponer de toda nuestra ayuda para poder acercarse y participar en el desarrollo de la actividad. Cada día que se lleva a cabo una acción de voluntariado, la jornada da comienzo con una breve formación sobre el ecosistema sobre el que vamos a actuar y se reparte el material necesario para llevar a cabo los trabajos. No importa que seas un veterano guardabosques o que tu compromiso sólo pueda ser puntual, siempre habrá un espacio esperándote en Bosques de Cantabria</i></b><img data-recalc-dims="1" loading="lazy" decoding="async" class="aligncenter size-full wp-image-461" alt="barra espaciadora bosques de cantabria" src="https://i0.wp.com/bosquesdecantabria.org/wordpress/wp-content/uploads/2014/11/barra-espaciadora-bosques-de-cantabria.png?resize=980%2C72&#038;ssl=1" width="980" height="72" srcset="https://i0.wp.com/bosquesdecantabria.org/wordpress/wp-content/uploads/2014/11/barra-espaciadora-bosques-de-cantabria.png?w=1024&amp;ssl=1 1024w, https://i0.wp.com/bosquesdecantabria.org/wordpress/wp-content/uploads/2014/11/barra-espaciadora-bosques-de-cantabria.png?resize=300%2C21&amp;ssl=1 300w, https://i0.wp.com/bosquesdecantabria.org/wordpress/wp-content/uploads/2014/11/barra-espaciadora-bosques-de-cantabria.png?resize=980%2C71&amp;ssl=1 980w, https://i0.wp.com/bosquesdecantabria.org/wordpress/wp-content/uploads/2014/11/barra-espaciadora-bosques-de-cantabria.png?resize=550%2C40&amp;ssl=1 550w" sizes="auto, (max-width: 980px) 100vw, 980px" /></h3>
<h4 style="text-align: justify;"> <strong>  Nuestras acciones de voluntariado se dirigen a la interpretación de los ecosistemas en que trabajamos, la plantación de especies forestales autóctonas, el fomento de los medios de transporte sostenibles, la eliminación de especies invasoras dañinas, la retirada de vertidos incontrolados en espacios naturales, la participación de personas con discapacidad y la construcción e instalación de elementos que favorezcan la presencia de fauna autóctona.</strong></h4>
<h4 style="text-align: justify;"><a href="https://bosquesdecantabria.org/wordpress/contact-4/"><img data-recalc-dims="1" loading="lazy" decoding="async" class="aligncenter" alt="" src="https://i0.wp.com/bosquesdecantabria.org/wordpress/wp-content/uploads/2014/11/voluntariado-intro.jpg?resize=980%2C322&#038;ssl=1" width="980" height="322" /></a><strong>   Bosques de Cantabria lleva más veinte años realizando trabajo con voluntarios ambientales. Nuestras campañas de reforestación voluntaria fueron pioneras en Cantabria y gracias al apoyo de ciudadanos, colectivos y Entidades Locales (ayuntamientos y juntas vecinales) hemos podido mantener esta actividad durante tanto tiempo. La inclusión de Bosques de Cantabria en el Programa PROVOCA ha supuesto un importante espaldarazo a esta línea de trabajo de nuestra Asociación, haciendo que, en los últimos años, el número de actuaciones que realizamos y de voluntarios que participan en ellas, se haya incrementado notablemente</strong>.</h4>
<p>&nbsp;</p>
<iframe loading="lazy"  style="display: block; margin: 0px auto;"  id="_ytid_22136"  width="980" height="563"  data-origwidth="980" data-origheight="563" src="https://www.youtube.com/embed/Xk1K1hJshYM?enablejsapi=1&autoplay=0&cc_load_policy=0&cc_lang_pref=&iv_load_policy=3&loop=0&rel=0&fs=1&playsinline=0&autohide=2&theme=dark&color=red&controls=1&disablekb=0&" class="__youtube_prefs__  no-lazyload" title="YouTube player"  allow="fullscreen; accelerometer; autoplay; clipboard-write; encrypted-media; gyroscope; picture-in-picture; web-share" referrerpolicy="strict-origin-when-cross-origin" allowfullscreen data-no-lazy="1" data-skipgform_ajax_framebjll=""></iframe>
<p style="text-align: center;"><em><strong>Organización de una actividad de voluntariado PROVOCA con más de un centenar de voluntarios</strong></em></p>
<h4 style="text-align: justify;"><strong>    Actualmente la Asociación dispone de la inercia y el bagaje de muchos años trabajando en esta línea y sus monitores, ya especializados, disponen del material y de la formación académica necesaria para poder trabajar con voluntarios de cualquier rango de edad. Estamos siempre abiertos a la colaboración en proyectos ambientales de esta índole, tales como la organización de campos de trabajo que impliquen la participación de cientos de voluntarios o la gestión de pequeños grupos de trabajo.</strong></h4>
<iframe loading="lazy"  style="display: block; margin: 0px auto;"  id="_ytid_80593"  width="980" height="563"  data-origwidth="980" data-origheight="563" src="https://www.youtube.com/embed/pjlGzUk6QDA?enablejsapi=1&autoplay=0&cc_load_policy=0&cc_lang_pref=&iv_load_policy=3&loop=0&rel=0&fs=1&playsinline=0&autohide=2&theme=dark&color=red&controls=1&disablekb=0&" class="__youtube_prefs__  no-lazyload" title="YouTube player"  allow="fullscreen; accelerometer; autoplay; clipboard-write; encrypted-media; gyroscope; picture-in-picture; web-share" referrerpolicy="strict-origin-when-cross-origin" allowfullscreen data-no-lazy="1" data-skipgform_ajax_framebjll=""></iframe>
<p style="text-align: center;"><em><strong>Organización de un pequeño Campo de trabajo voluntario de verano, con el grupo Scout «Escolta Garbí» de Lleida</strong></em></p>
<h4 style="text-align: justify;"></h4>
<h4 style="text-align: justify;"> <strong>  El Programa PROVOCA de Voluntariado y Educación ambiental, gestionado desde el Centro de Investigación del Medio Ambiente del Gobierno de Cantabria, nació en el año 2012 y ofrece al ciudadano un calendario común donde las organizaciones naturalistas ofertamos nuestras actividades abiertas a la participación. El PROVOCA ha apostado fuerte por las actividades de Bosques de Cantabria que, desde el año 2013, se ha volcado al máximo en aprovechar esta fantástica oportunidad de acercar el cuidado del medio ambiente a nuestros vecinos.</strong></h4>
<h4><strong>   Si tienes alguna duda sobre en qué cosiste ser un voluntario ambiental, si quieres saber dónde se llevará a cabo la actividad más próxima a tu domicilio, si no tienes medio de transporte pero te estás planteando participar, o si simplemente tienes claro que tu familia o tu queréis ser unos voluntarios Guardabosques, solo tienes que pinchar en la imagen de abajo y ponerte en contacto con nosotros.</strong></h4>
<h2 style="text-align: center;"><strong><span style="color: #000000;"><a href="https://bosquesdecantabria.org/wordpress/contact-4/"><span style="color: #000000;">¡Te esperamos!</span></a></span></strong></h2>
<h4 style="text-align: justify;"><a href="https://bosquesdecantabria.org/wordpress/contact-4/"><img data-recalc-dims="1" loading="lazy" decoding="async" class="aligncenter" alt="" src="https://i0.wp.com/bosquesdecantabria.org/wordpress/wp-content/uploads/2014/11/VIVERISMO-intermedio.jpg?resize=980%2C310&#038;ssl=1" width="980" height="310" /></a></h4>
<hr />
<h4 style="text-align: justify;"></h4>
<h4 style="text-align: justify;"></h4>

<p>«Defender el Medio Ambiente es nuestro derecho, protegerlo es nuestro deber»    El voluntario siempre ha sido y será el mejor vector de cambio para la sociedad. Creemos que detrás de cada acción ciudadana altruista, encaminada a la conservación del entorno,&#8230;</p>
