{"id":57,"date":"2013-04-03T19:01:07","date_gmt":"2013-04-03T19:01:07","guid":{"rendered":"http:\/\/bosquesdecantabria.org\/wordpress\/?page_id=57"},"modified":"2023-07-24T13:11:48","modified_gmt":"2023-07-24T11:11:48","slug":"objetivosespecificos","status":"publish","type":"page","link":"https:\/\/bosquesdecantabria.org\/wordpress\/objetivosespecificos\/","title":{"rendered":"OBJETIVOS ESPEC\u00cdFICOS"},"content":{"rendered":"<h3><a href=\"https:\/\/i0.wp.com\/bosquesdecantabria.org\/wordpress\/wp-content\/uploads\/2015\/11\/haya-fullwitch.jpg?ssl=1\"><img data-recalc-dims=\"1\" loading=\"lazy\" decoding=\"async\" class=\"aligncenter size-full wp-image-918\" src=\"https:\/\/i0.wp.com\/bosquesdecantabria.org\/wordpress\/wp-content\/uploads\/2015\/11\/haya-fullwitch.jpg?resize=980%2C191&#038;ssl=1\" alt=\"haya fullwitch\" width=\"980\" height=\"191\" srcset=\"https:\/\/i0.wp.com\/bosquesdecantabria.org\/wordpress\/wp-content\/uploads\/2015\/11\/haya-fullwitch.jpg?w=1024&amp;ssl=1 1024w, https:\/\/i0.wp.com\/bosquesdecantabria.org\/wordpress\/wp-content\/uploads\/2015\/11\/haya-fullwitch.jpg?resize=300%2C58&amp;ssl=1 300w, https:\/\/i0.wp.com\/bosquesdecantabria.org\/wordpress\/wp-content\/uploads\/2015\/11\/haya-fullwitch.jpg?resize=980%2C191&amp;ssl=1 980w, https:\/\/i0.wp.com\/bosquesdecantabria.org\/wordpress\/wp-content\/uploads\/2015\/11\/haya-fullwitch.jpg?resize=550%2C107&amp;ssl=1 550w\" sizes=\"auto, (max-width: 980px) 100vw, 980px\" \/><\/a><\/h3>\n<h3><\/h3>\n<h3><strong>\u00a0<span style=\"font-size: large;\">E<\/span>l programa de nuestras actividades siempre planifica persiguiendo una serie de objetivos espec\u00edficos como son:<\/strong><\/h3>\n<p style=\"text-align: justify;\"><span style=\"font-size: small;\"><strong><em>&#8211; Organizar campa\u00f1as de divulgaci\u00f3n, formaci\u00f3n y sensibilizaci\u00f3n sobre los bosques C\u00e1ntabros<\/em><\/strong><\/span><\/p>\n<p style=\"text-align: justify;\"><span style=\"font-size: small;\"><strong><em>&#8211; Organizar reforestaciones siempre con especies aut\u00f3ctonas adecuadas a cada zona.<\/em><\/strong><\/span><\/p>\n<p style=\"text-align: justify;\"><span style=\"font-size: small;\"><strong><em>&#8211; Establecer convenios de colaboraci\u00f3n con corporaciones locales y otras instituciones para la realizaci\u00f3n de las actividades o para la cesi\u00f3n de los terrenos para repoblar.<\/em><\/strong><\/span><\/p>\n<p style=\"text-align: justify;\"><span style=\"font-size: small;\"><strong><em>&#8211; Mantener el funcionamiento de un vivero forestal provincial y potenciar la creaci\u00f3n de otros.<\/em><\/strong><\/span><\/p>\n<p style=\"text-align: justify;\"><span style=\"font-size: small;\"><strong><em>&#8211; Fomentar la utilizaci\u00f3n de nuestra biblioteca forestal especializada y las consultas a nuestros t\u00e9cnicos colaboradores.<\/em><\/strong><\/span><\/p>\n<p style=\"text-align: justify;\"><span style=\"font-size: small;\"><strong><em>&#8211; Desarrollar conferencias, cursos, exposiciones y campa\u00f1as de educaci\u00f3n ambiental, especialmente sobre temas forestales.<\/em><\/strong><\/span><\/p>\n<p style=\"text-align: justify;\"><span style=\"font-size: small;\"><strong><em>-Fomentar el arbolado urbano como elemento fundamental para la mejora de la calidad de vida en las ciudades.<\/em><\/strong><\/span><\/p>\n<p>&nbsp;<\/p>\n<hr \/>\n<h2><strong><a title=\"Quienes somos en Bosques de Cantabria\" href=\"https:\/\/bosquesdecantabria.org\/wordpress\/quienessomos2\/\">Qui\u00e9nes somos<\/a><\/strong><\/h2>\n<h2><strong><a title=\"Principales l\u00edneas de actuaci\u00f3n de la Asociaci\u00f3n\" href=\"https:\/\/bosquesdecantabria.org\/wordpress\/lineasdeactuacion\/\">L\u00edneas de actuaci\u00f3n<\/a><\/strong><\/h2>\n<h2><a href=\"https:\/\/bosquesdecantabria.org\/wordpress\/wp-content\/uploads\/2015\/10\/Bosques-de-Cantabria-CURRICULUM-DE-LA-ASOCIACION.pdf\" target=\"_blank\" rel=\"noopener noreferrer\"><strong>Curriculum\u00a0de la Asociaci\u00f3n<\/strong><\/a><\/h2>\n<hr \/>\n<p><a href=\"https:\/\/bosquesdecantabria.org\/wordpress\/objetivosespecificos\/en-objetivos-especificos-abajo-red-2\/\" rel=\"attachment wp-att-1365\"><img data-recalc-dims=\"1\" loading=\"lazy\" decoding=\"async\" class=\"wp-image-1365 size-full\" src=\"https:\/\/i0.wp.com\/bosquesdecantabria.org\/wordpress\/wp-content\/uploads\/2023\/07\/En-Objetivos-especificos-abajo-red-1.jpg?resize=976%2C723&#038;ssl=1\" alt=\"\" width=\"976\" height=\"723\" srcset=\"https:\/\/i0.wp.com\/bosquesdecantabria.org\/wordpress\/wp-content\/uploads\/2023\/07\/En-Objetivos-especificos-abajo-red-1.jpg?w=976&amp;ssl=1 976w, https:\/\/i0.wp.com\/bosquesdecantabria.org\/wordpress\/wp-content\/uploads\/2023\/07\/En-Objetivos-especificos-abajo-red-1.jpg?resize=300%2C222&amp;ssl=1 300w, https:\/\/i0.wp.com\/bosquesdecantabria.org\/wordpress\/wp-content\/uploads\/2023\/07\/En-Objetivos-especificos-abajo-red-1.jpg?resize=768%2C569&amp;ssl=1 768w, https:\/\/i0.wp.com\/bosquesdecantabria.org\/wordpress\/wp-content\/uploads\/2023\/07\/En-Objetivos-especificos-abajo-red-1.jpg?resize=550%2C407&amp;ssl=1 550w\" sizes=\"auto, (max-width: 976px) 100vw, 976px\" \/><\/a><\/p>\n","protected":false},"excerpt":{"rendered":"<p>\u00a0El programa de nuestras actividades siempre planifica persiguiendo una serie de objetivos espec\u00edficos como son: &#8211; Organizar campa\u00f1as de divulgaci\u00f3n, formaci\u00f3n y sensibilizaci\u00f3n sobre los bosques C\u00e1ntabros &#8211; Organizar reforestaciones siempre con especies aut\u00f3ctonas adecuadas a cada zona. &#8211; Establecer&#8230;<\/p>\n","protected":false},"author":1,"featured_media":0,"parent":0,"menu_order":0,"comment_status":"closed","ping_status":"closed","template":"template-fullwidth.php","meta":{"advanced_seo_description":"","jetpack_seo_html_title":"","jetpack_seo_noindex":false,"jetpack_post_was_ever_published":false,"footnotes":""},"class_list":["post-57","page","type-page","status-publish","hentry"],"jetpack-related-posts":[],"jetpack_likes_enabled":true,"jetpack_sharing_enabled":true,"_links":{"self":[{"href":"https:\/\/bosquesdecantabria.org\/wordpress\/wp-json\/wp\/v2\/pages\/57","targetHints":{"allow":["GET"]}}],"collection":[{"href":"https:\/\/bosquesdecantabria.org\/wordpress\/wp-json\/wp\/v2\/pages"}],"about":[{"href":"https:\/\/bosquesdecantabria.org\/wordpress\/wp-json\/wp\/v2\/types\/page"}],"author":[{"embeddable":true,"href":"https:\/\/bosquesdecantabria.org\/wordpress\/wp-json\/wp\/v2\/users\/1"}],"replies":[{"embeddable":true,"href":"https:\/\/bosquesdecantabria.org\/wordpress\/wp-json\/wp\/v2\/comments?post=57"}],"version-history":[{"count":51,"href":"https:\/\/bosquesdecantabria.org\/wordpress\/wp-json\/wp\/v2\/pages\/57\/revisions"}],"predecessor-version":[{"id":1371,"href":"https:\/\/bosquesdecantabria.org\/wordpress\/wp-json\/wp\/v2\/pages\/57\/revisions\/1371"}],"wp:attachment":[{"href":"https:\/\/bosquesdecantabria.org\/wordpress\/wp-json\/wp\/v2\/media?parent=57"}],"curies":[{"name":"wp","href":"https:\/\/api.w.org\/{rel}","templated":true}]}}

OBJETIVOS ESPECÍFICOS

<h3><a href="https://i0.wp.com/bosquesdecantabria.org/wordpress/wp-content/uploads/2015/11/haya-fullwitch.jpg?ssl=1"><img data-recalc-dims="1" loading="lazy" decoding="async" class="aligncenter size-full wp-image-918" src="https://i0.wp.com/bosquesdecantabria.org/wordpress/wp-content/uploads/2015/11/haya-fullwitch.jpg?resize=980%2C191&#038;ssl=1" alt="haya fullwitch" width="980" height="191" srcset="https://i0.wp.com/bosquesdecantabria.org/wordpress/wp-content/uploads/2015/11/haya-fullwitch.jpg?w=1024&amp;ssl=1 1024w, https://i0.wp.com/bosquesdecantabria.org/wordpress/wp-content/uploads/2015/11/haya-fullwitch.jpg?resize=300%2C58&amp;ssl=1 300w, https://i0.wp.com/bosquesdecantabria.org/wordpress/wp-content/uploads/2015/11/haya-fullwitch.jpg?resize=980%2C191&amp;ssl=1 980w, https://i0.wp.com/bosquesdecantabria.org/wordpress/wp-content/uploads/2015/11/haya-fullwitch.jpg?resize=550%2C107&amp;ssl=1 550w" sizes="auto, (max-width: 980px) 100vw, 980px" /></a></h3>
<h3></h3>
<h3><strong> <span style="font-size: large;">E</span>l programa de nuestras actividades siempre planifica persiguiendo una serie de objetivos específicos como son:</strong></h3>
<p style="text-align: justify;"><span style="font-size: small;"><strong><em>&#8211; Organizar campañas de divulgación, formación y sensibilización sobre los bosques Cántabros</em></strong></span></p>
<p style="text-align: justify;"><span style="font-size: small;"><strong><em>&#8211; Organizar reforestaciones siempre con especies autóctonas adecuadas a cada zona.</em></strong></span></p>
<p style="text-align: justify;"><span style="font-size: small;"><strong><em>&#8211; Establecer convenios de colaboración con corporaciones locales y otras instituciones para la realización de las actividades o para la cesión de los terrenos para repoblar.</em></strong></span></p>
<p style="text-align: justify;"><span style="font-size: small;"><strong><em>&#8211; Mantener el funcionamiento de un vivero forestal provincial y potenciar la creación de otros.</em></strong></span></p>
<p style="text-align: justify;"><span style="font-size: small;"><strong><em>&#8211; Fomentar la utilización de nuestra biblioteca forestal especializada y las consultas a nuestros técnicos colaboradores.</em></strong></span></p>
<p style="text-align: justify;"><span style="font-size: small;"><strong><em>&#8211; Desarrollar conferencias, cursos, exposiciones y campañas de educación ambiental, especialmente sobre temas forestales.</em></strong></span></p>
<p style="text-align: justify;"><span style="font-size: small;"><strong><em>-Fomentar el arbolado urbano como elemento fundamental para la mejora de la calidad de vida en las ciudades.</em></strong></span></p>
<p>&nbsp;</p>
<hr />
<h2><strong><a title="Quienes somos en Bosques de Cantabria" href="https://bosquesdecantabria.org/wordpress/quienessomos2/">Quiénes somos</a></strong></h2>
<h2><strong><a title="Principales líneas de actuación de la Asociación" href="https://bosquesdecantabria.org/wordpress/lineasdeactuacion/">Líneas de actuación</a></strong></h2>
<h2><a href="https://bosquesdecantabria.org/wordpress/wp-content/uploads/2015/10/Bosques-de-Cantabria-CURRICULUM-DE-LA-ASOCIACION.pdf" target="_blank" rel="noopener noreferrer"><strong>Curriculum de la Asociación</strong></a></h2>
<hr />
<p><a href="https://bosquesdecantabria.org/wordpress/objetivosespecificos/en-objetivos-especificos-abajo-red-2/" rel="attachment wp-att-1365"><img data-recalc-dims="1" loading="lazy" decoding="async" class="wp-image-1365 size-full" src="https://i0.wp.com/bosquesdecantabria.org/wordpress/wp-content/uploads/2023/07/En-Objetivos-especificos-abajo-red-1.jpg?resize=976%2C723&#038;ssl=1" alt="" width="976" height="723" srcset="https://i0.wp.com/bosquesdecantabria.org/wordpress/wp-content/uploads/2023/07/En-Objetivos-especificos-abajo-red-1.jpg?w=976&amp;ssl=1 976w, https://i0.wp.com/bosquesdecantabria.org/wordpress/wp-content/uploads/2023/07/En-Objetivos-especificos-abajo-red-1.jpg?resize=300%2C222&amp;ssl=1 300w, https://i0.wp.com/bosquesdecantabria.org/wordpress/wp-content/uploads/2023/07/En-Objetivos-especificos-abajo-red-1.jpg?resize=768%2C569&amp;ssl=1 768w, https://i0.wp.com/bosquesdecantabria.org/wordpress/wp-content/uploads/2023/07/En-Objetivos-especificos-abajo-red-1.jpg?resize=550%2C407&amp;ssl=1 550w" sizes="auto, (max-width: 976px) 100vw, 976px" /></a></p>

<p> El programa de nuestras actividades siempre planifica persiguiendo una serie de objetivos específicos como son: &#8211; Organizar campañas de divulgación, formación y sensibilización sobre los bosques Cántabros &#8211; Organizar reforestaciones siempre con especies autóctonas adecuadas a cada zona. &#8211; Establecer&#8230;</p>
